1 + -11).
-16
Evaluate (-4 + (-4 - -9) - -2) + 4.
7
Calculate 15 + -29 - (7 + -10).
-11
-31 + 12 + -20 - (-12 + -1)
-26
What is (-39 - -47) + (-1 - 22)?
-15
Calculate -22 + 18 + -22 + 9.
-17
What is the value of (4 - -4) + (134 - 158)?
-16
-13 + 1 + 10 + 28 + -12
14
Calculate 15 + 13 + -33 + (0 - 11).
-16
Calculate -8 + (-17 - (12 - 13)) + 47.
23
What is the value of -3 - (-11 + -9 - -8)?
9
Calculate 18 - 17 - ((-3 - -13) + 0) - 0.
-9
Calculate 99 - 109 - (0 - (-2 - 4)).
-16
Evaluate (-5 - (-32 - -9)) + -7 + -1 + -5.
5
Calculate (-3 - -4) + 0 + 2 + -7 + 2.
-2
What is the value of (0 - -37) + 415 + -449?
3
5 - (30 + -22 + 10)
-13
Calculate -4 + (3 + 4 + -14 - -5) - -25.
19
What is -17 - (-3 + (8 - -5))?
-27
What is 18 + -2 - (8 - 1) - (4 + 19)?
-14
What is (-3 - (12 - (38 - -3))) + -5?
21
Evaluate 1 - 12 - (-279 + 282).
-14
Calculate -32 - 5 - (1 + -22).
-16
-4 + 7 + -12 + (-95 - -73)
-31
What is the value of 41 - 32 - (4 + -4 + -4 + -4)?
17
(-5 - ((13 - 22) + -2)) + -20
-14
Evaluate -1 + (5 - (-6 - -6) - -1 - -5).
10
Evaluate (-4 - 2) + -17 + 22 + -6.
-7
Evaluate (3 - 0 - 9) + -3 + (4 - 6).
-11
What is -3 - 11 - (-39 + 23)?
2
Evaluate 36 - (9 + 49 + -11).
-11
Calculate 4 + -4 + 0 + 0 - (-12 + 0).
12
43 - 15 - 4 - (2 + (1 - -1))
20
-1 - (7 - -2) - (290 + -291)
-9
Evaluate -9 + -10 + 2 + 3 + 3 + -1.
-12
What is (7 - 1) + 0 + -16 + 4?
-6
3 + -13 - (-4 + (-18 - -16))
-4
What is the value of (1 - 1) + 8 - (-30 + (-115 - -120))?
33
What is the value of (32 - (-19 + 36)) + -8?
7
Calculate 2 - (1 - 7) - 9.
-1
What is the value of (-3 + 13 - 13 - 6) + (-3 - -2)?
-10
Calculate -2 + (2 + -15 - (-53 - -30)).
8
What is 1 - (-42 + 27 - (-1 - -1))?
16
Calculate -28 + (55 - 40) - -15.
2
8 - (29 - (1 - -2 - -5))
-13
What is (5 - 11 - (1 - -5)) + -1 + 4?
-9
What is -28 + -10 - (123 - 145)?
-16
Calculate -17 - (33 - 81) - 17.
14
What is 12 + (-8 - -4) + (0 - (-8 + 2))?
14
7 + 5 - (96 + -76)
-8
What is -2 + -14 + 14 + 6?
4
What is 17 + -47 + 17 - -7?
-6
What is -6 + -8 - (-1 + (-3 - -10))?
-20
Evaluate 0 + -10 + 8 + -9 + (1 - 8).
-18
What is 6 - (-3 - -15 - 6)?
0
Calculate -22 - (1 - (0 - (7 - 11))).
-19
What is the value of (-8 - -11) + 3 + -11 - 11?
-16
Evaluate 5 - (3 + -4) - (7 + 6) - -19.
12
Evaluate 3 + -16 - ((-2 - 8) + 3 + 3).
-9
What is -11 + 0 - (-41 + 13 - -3)?
14
What is the value of 31 + -26 + (1 - -2)?
8
Evaluate 24 + 37 + -38 - 32.
-9
17 + (-25 - 5) - (4 - 2 - 7)
-8
Evaluate (-5 - (-5 - 0)) + (1 - (2 - 25)).
24
Evaluate 0 + 13 + -1 + (-2 - -8) + -4.
14
What is the value of -23 + (-6 - 0 - 4) + 3 - -11?
-19
Calculate 2 + 6 + -6 + 3 + -8 - -7.
4
(-1 - 8) + (7 - -16)
14
What is -5 + 1 + (11 - (7 + -8 - 4))?
12
What is the value of 6 + (-1 + (4 - 3) - -1 - -4)?
11
What is -23 + (-3 - -2) + 8 + 73 + -76?
-19
What is the value of 2 + (7 - -3 - (-1 - -7) - 2)?
4
44 - (-67 - -84 - (-1 - -1))
27
What is the value of 0 + (10 - 12) - 6?
-8
What is the value of 322 + -312 + (2 + -3 - -1 - 3)?
7
0 + (1 + -2 + 12 - (-8 + 13))
6
-2 + (0 - 13 - (-13 - (2 + -8)))
-8
Evaluate 12 + 0 - (-8 - -22).
-2
3 + -1 + -6 + 2 + 6
4
-4 - (-5 + 4 + -1 - -5)
-7
Calculate -2 + (6 - 6) + 3 + 0.
1
-12 + 22 + -8 + -18
-16
Calculate (-8 - (25 - 12)) + 0 + 5.
-16
2 + 4 + -1 - (-3 - -9)
-1
What is the value of 6 - ((0 - 1) + 0 - (25 - 17))?
15
Calculate 23 - ((-10 - -24) + -10).
19
What is the value of 16 + (-9 - -9 - 6 - -14) - 12?
12
What is the value of -2 + (-1 - (3 - 1)) - (-4 + 3)?
-4
What is the value of -5 - (-19 + (2 + -1 + 10 - 4))?
7
What is the value of 4 + (5 - 6) + -9?
-6
What is (-5 - (3 - 6)) + (-1 - -6)?
3
Evaluate 58 + -49 + 16 + -8.
17
Evaluate (11 - -1) + -2 + -8 + (-37 - -42).
7
What is -1 + -2 + (-13 - -34 - 3)?
15
Evaluate -15 - 10 - (7 + -14 - -12).
-30
What is -5 - (-6 + (-2 - (-5 + 3)) - -1)?
0
Calculate -13 - ((1 - 9) + 5).
-10
Calculate 129 + -113 + (0 - (1 + -1)).
16
What is the value of -13 + -2 + -17 + 49?
17
Calculate 2 + -3 - (151 - 142).
-10
Evaluate (-106 - -105) + -8 + 1 + -1.
-9
What is 13 - ((15 - -1) + -12 - 10)?
19
What is (-1 - (5 + 11 - 12)) + 3?
-2
Calculate 8 - (9 - 22) - 10.
11
What is the value of (1 - (5 + -9)) + 11?
16
What is -145 - -148 - (0 - -21)?
-18
What is (9 - 7) + (1 - 7) + 9 + -1?
4
7 + -6 - (0 - (-3 + 7 + -6))
-1
(-35 - -27) + 6 + -1 + 13 + 0
10
Calculate 38 + (-1 - (-2 - -17)).
22
What is 7 - (6 + 15) - (3 - 6)?
-11
(-12 - -2 - -4) + (53 - 37) + -3
7
Evaluate -10 - ((-18 + 8 - 31) + 11).
20
What is 14 - 16 - (-5 - ((-2 - -4) + -6))?
-1
Calculate -8 - (11 - 11) - -1 - 10.
-17
Calculate 20 + -18 - (0 + 3 + -6 + -6).
11
What is the value of (3 - 21) + (-19 + 11 - -19) + -10?
-17
(17 - -17 - 49) + 16
1
44 + 1 + -162 + 123
6
Evaluate 6 - (-4 + 3 - (-8 + (6 - -10))).
15
What is (21 - 31 - (-13 + 0)) + -10?
-7
What is 18 + -16 + (-50 - (6 - 22))?
-32
What is the value of -13 - (42 + -29) - -3?
-23
What is the value of 15 + -19 - (-14 + (5 - 2) + 0)?
7
Evaluate (-31 - -56) + 1 + 1 + -11.
16
(2 - 4) + -12 + 0 + -8 + 7
-15
What is the value of -10 + (-10 - 4) - -47?
23
-16 + (3 - (20 + -12))
-21
Calculate 62 + -66 + (1 - 11).
-14
Calculate 3 + -10 - (25 - 25).
-7
What is 1973 + -1951 - (0 + -14 + 2)?
34
-25 - 0 - (2865 + -2887)
-3
7 + (22 - -3 - 19)
13
What is (4 + -4 - (-13 + 11 + 4)) + -14?
-16
What is the value of 25 + -40 + 10 + 11?
6
What is the value of (20 - 5) + -15 + 5?
5
What is the value of -7 - (-6 + -1 + 6) - -2?
-4
Calculate -2 + -11 + 13 + 0.
0
4 + -3 + 5 - -2 - (26 - 6)
-12
What is 10 + -16 - (-4 + 6 + -4 - 2)?
-2
Calculate (1 - (3 + -4 + 6)) + -3 - -16.
9
What is the value of (-10 - (-9 - -5 - -2)) + 19?
11
-34 + 21 + (4 - -8)
-1
What is the value of 5 + 0 + (-21 + 4 - -19 - 6)?
1
What is (0 - 0 - -11) + 22 + -17?
16
What is the value of -34 + 37 + -2 + 1?
2
What is the value of -25 + 7 + 0 + -17 - -19?
-16
What is -7 + (-3 + -4 - 1 - -21) - -1?
7
Evaluate 287 + -227 + (0 - 34).
26
What is the value of (-8 - (32 - 30)) + -24?
-34
What is the value of 2 + 10 + (25 - 39)?
-2
Evaluate 5 - (-2 + (-3 - 4) + 4).
10
What is 6 - (4 + (-12 - -3) + 4)?
7
3 - (-6 + 4 + (-2 - 1))
8
What is -5 - (6 - ((-10 - (-25 - -5)) + -2))?
-3
9 + -37 + (7 - (-15 - -3))
-9
33 + (88 - 45) + -82
-6
Evaluate 4 + 1 + -3 + -14 + -47 + 36.
-23
Calculate -109 + 113 + 1 + -2 - (9 + 0).
-6
Evaluate (14 - (-12 - (19 - 32))) + -3.
10
7 + -5 + 9 + -10
1
What is 5 + 0 - 7 - 5 - 28?
-35
What is the value of 9 + 0 + (252 - 261)?
0
Calculate -14 + 2 - (-11 + 14).
-15
What is -1 - (-126 + 115 + (3 - 5 - 15))?
27
What is 11 + (-28 - -23) - 13?
-7
4 + (2 - 0) + (-5 - (-34 + 45))
-10
What is 2 - (-4 + -14 - -8)?
12
Calculate 4 - (4 - 12 - -1).
11
(5 - -10) + (10 + 10 - 14)
21
Evaluate -39 + 43 - (7 - 12 - 2).
11
Evaluate 7 + 2 + (-19 - 22 - -21).
-11
Evaluate 1 + 3 + 12 + -11 + 8.
13
What is the value of (0 - -13) + (-18 - -39) + -13?
21
(6 - -6 - (30 - 15)) + (-3 - 25)
-31
Evaluate -6 - (-10 - 6) - 10.
0
Calculate (5 + -12 + -4 + 3 - -7) + 0.
-1
What is the value of -3 - (-12 - -22) - (4 + 3)?
-20
What is 187 + -140 - (-2 + 25)?
24
What is the value of -1643 + 1653 - (0 - (-1 - 1) - 0)?
8
Calculate -7 + -14 + 20 - -19.
18
Evaluate 5 - (-7 + 4 + (4 - -3) + -7).
8
Calculate 2 - (-5 + (-6 - -16)).
-3
What is the value of -5 - 12 - (-10 + 7 + -8)?
-6
(294 - 270) + (-1 - 0)
23
-38 + 44 - (0 + 18) - -2
-10
Evaluate 11 + 23 + -21 + -11 + 1.
3
What is -18 + (-16 - (-32 - 19))?
17
What is the value of (-12 - ((-3 - 8) + 4)) + -4?
-9
(-6 - 0) + (-34 - -34) + 6
0
Evaluate 10 + -5 - (-1 - 9) - (-1 - 5).
21
What is the value of -36 - (1 - 34 - -22)?
-25
Evaluate 16 + (29 - 26) - 39.
-20
Calculate 560 + -561 + (-12 - 0 - -2).
-11
What is the value of (30 - 25) + 5 - (-4 + -2 - 1)?
17
What is the value of (-1 - -10) + 19 + (-1 - 14)?
13
What is (-1 + 2 - -3 - (5 - 0)) + -16?
-17
What is 15 + 11 + -9 - 5?
12
(-12 - -43 - 14) + 2 + (-10 - -1)
10
What is (4 - -2) + 1 - 0 - (-276 - -276)?
7
What is the value of (10 - -3) + (-16 - (-8 + -1))?
6
Calculate -8 + (3 - 7) + 5 + 8.
1
What is the value of -1 + ((6 - 3) + 0 - (-14 - -32))?
-16
-22 - -13 - (-7 + 0) - -4 - -4
6
Calculate -27 - (1 + -7 - (1 + 0)) - 0.
-20
-4 + -6 + (20 - (3 - -4)) + -11
-8
Evaluate (-35 - -4) + (-119 - -138).
-12
Calculate (4 - -7 - 7) + 0 + 3.
7
-15 - ((-3 + 1 - -9) + -6 - 8)
-8
What is (-111 - -104) + (-1